{"id":1295,"date":"2022-06-13T19:57:58","date_gmt":"2022-06-13T22:57:58","guid":{"rendered":"https:\/\/editorapanaro.com.br\/site\/?post_type=product&#038;p=1295"},"modified":"2022-06-13T20:01:46","modified_gmt":"2022-06-13T23:01:46","slug":"voce-e-um-pe-de-chinelo","status":"publish","type":"product","link":"https:\/\/editorapanaro.com.br\/site\/produto\/voce-e-um-pe-de-chinelo\/","title":{"rendered":"Voc\u00ea \u00e9 um p\u00e9 de chinelo"},"content":{"rendered":"<p><span class=\"fontstyle0\">Aquilo doeu. Pior \u00e9 que ele sabia que era um p\u00e9 de chinelo. E quem o chamou do tal p\u00e9 era a garota dos seus sonhos, Convidara para ir com ele a festa da S\u00e3o Pedro, que haveria na igreja no p\u00e9 do morro. Ele s\u00f3 chegara nela e haviam sido colegas de prim\u00e1rio, dizendo quer ir comigo<br \/>\n\u00e0 festa na igreja. Ela foi a festa com um cara vida torta, que andava metido com drogas. Na festa o cara chegou nele e disse Man\u00e9, nem olha<br \/>\npara a mina. Ela me disse que voc\u00ea convidou para vir hoje, mas que ela n\u00e3o anda com p\u00e9 de chinelo.<\/span><\/p>\n","protected":false},"excerpt":{"rendered":"<p>Aquilo doeu. Pior \u00e9 que ele sabia que era um p\u00e9 de chinelo. E quem o chamou do tal p\u00e9 [&hellip;]<\/p>\n","protected":false},"featured_media":1297,"template":"","meta":[],"product_brand":[],"product_cat":[90,31],"product_tag":[],"class_list":{"0":"post-1295","1":"product","2":"type-product","3":"status-publish","4":"has-post-thumbnail","6":"product_cat-conto","7":"product_cat-livros","9":"first","10":"instock","11":"downloadable","12":"virtual","13":"taxable","14":"product-type-simple"},"_links":{"self":[{"href":"https:\/\/editorapanaro.com.br\/site\/wp-json\/wp\/v2\/product\/1295","targetHints":{"allow":["GET"]}}],"collection":[{"href":"https:\/\/editorapanaro.com.br\/site\/wp-json\/wp\/v2\/product"}],"about":[{"href":"https:\/\/editorapanaro.com.br\/site\/wp-json\/wp\/v2\/types\/product"}],"wp:featuredmedia":[{"embeddable":true,"href":"https:\/\/editorapanaro.com.br\/site\/wp-json\/wp\/v2\/media\/1297"}],"wp:attachment":[{"href":"https:\/\/editorapanaro.com.br\/site\/wp-json\/wp\/v2\/media?parent=1295"}],"wp:term":[{"taxonomy":"product_brand","embeddable":true,"href":"https:\/\/editorapanaro.com.br\/site\/wp-json\/wp\/v2\/product_brand?post=1295"},{"taxonomy":"product_cat","embeddable":true,"href":"https:\/\/editorapanaro.com.br\/site\/wp-json\/wp\/v2\/product_cat?post=1295"},{"taxonomy":"product_tag","embeddable":true,"href":"https:\/\/editorapanaro.com.br\/site\/wp-json\/wp\/v2\/product_tag?post=1295"}],"curies":[{"name":"wp","href":"https:\/\/api.w.org\/{rel}","templated":true}]}}